{"id":190,"date":"2024-11-22T09:51:07","date_gmt":"2024-11-22T08:51:07","guid":{"rendered":"https:\/\/vntapas.se\/?page_id=190"},"modified":"2025-11-12T08:55:30","modified_gmt":"2025-11-12T07:55:30","slug":"boka-bord","status":"publish","type":"page","link":"https:\/\/vntapas.se\/?page_id=190","title":{"rendered":"Boka Bord"},"content":{"rendered":"\n<p>Det \u00e4r bara att slinka in, vi har alltid n\u00e5gra bord som vi inte reservera, men om du vill vara p\u00e5 den s\u00e4kra sidan, boka g\u00e4rna ett bord via l\u00e4nken nedan.<br>F\u00f6r st\u00f6rre s\u00e4llskap mejla oss f\u00f6r bordsbokning, eller skicka f\u00f6rfr\u00e5gan p\u00e5 Instagram \/ Facebook messenger.<\/p>\n\n\n\n<p><a href=\"https:\/\/widget.thefork.com\/63bdff9b-3c3c-40a7-b563-b0b3025c70ce\" target=\"_blank\" rel=\"noreferrer noopener\">BOKA H\u00c4R &#8211; Make a reservation<\/a><\/p>\n\n\n\n<div class=\"wp-block-group\"><div class=\"wp-block-group__inner-container is-layout-constrained wp-block-group-is-layout-constrained\">\n<ul class=\"wp-block-list\"><\/ul>\n<\/div><\/div>\n\n\n\n<ul class=\"wp-block-social-links is-layout-flex wp-block-social-links-is-layout-flex\"><li class=\"wp-social-link wp-social-link-instagram  wp-block-social-link\"><a href=\"https:\/\/www.instagram.com\/phobun\/\" class=\"wp-block-social-link-anchor\"><svg width=\"24\" height=\"24\" viewBox=\"0 0 24 24\" version=\"1.1\" xmlns=\"http:\/\/www.w3.org\/2000\/svg\" aria-hidden=\"true\" focusable=\"false\"><path d=\"M12,4.622c2.403,0,2.688,0.009,3.637,0.052c0.877,0.04,1.354,0.187,1.671,0.31c0.42,0.163,0.72,0.358,1.035,0.673 c0.315,0.315,0.51,0.615,0.673,1.035c0.123,0.317,0.27,0.794,0.31,1.671c0.043,0.949,0.052,1.234,0.052,3.637 s-0.009,2.688-0.052,3.637c-0.04,0.877-0.187,1.354-0.31,1.671c-0.163,0.42-0.358,0.72-0.673,1.035 c-0.315,0.315-0.615,0.51-1.035,0.673c-0.317,0.123-0.794,0.27-1.671,0.31c-0.949,0.043-1.233,0.052-3.637,0.052 s-2.688-0.009-3.637-0.052c-0.877-0.04-1.354-0.187-1.671-0.31c-0.42-0.163-0.72-0.358-1.035-0.673 c-0.315-0.315-0.51-0.615-0.673-1.035c-0.123-0.317-0.27-0.794-0.31-1.671C4.631,14.688,4.622,14.403,4.622,12 s0.009-2.688,0.052-3.637c0.04-0.877,0.187-1.354,0.31-1.671c0.163-0.42,0.358-0.72,0.673-1.035 c0.315-0.315,0.615-0.51,1.035-0.673c0.317-0.123,0.794-0.27,1.671-0.31C9.312,4.631,9.597,4.622,12,4.622 M12,3 C9.556,3,9.249,3.01,8.289,3.054C7.331,3.098,6.677,3.25,6.105,3.472C5.513,3.702,5.011,4.01,4.511,4.511 c-0.5,0.5-0.808,1.002-1.038,1.594C3.25,6.677,3.098,7.331,3.054,8.289C3.01,9.249,3,9.556,3,12c0,2.444,0.01,2.751,0.054,3.711 c0.044,0.958,0.196,1.612,0.418,2.185c0.23,0.592,0.538,1.094,1.038,1.594c0.5,0.5,1.002,0.808,1.594,1.038 c0.572,0.222,1.227,0.375,2.185,0.418C9.249,20.99,9.556,21,12,21s2.751-0.01,3.711-0.054c0.958-0.044,1.612-0.196,2.185-0.418 c0.592-0.23,1.094-0.538,1.594-1.038c0.5-0.5,0.808-1.002,1.038-1.594c0.222-0.572,0.375-1.227,0.418-2.185 C20.99,14.751,21,14.444,21,12s-0.01-2.751-0.054-3.711c-0.044-0.958-0.196-1.612-0.418-2.185c-0.23-0.592-0.538-1.094-1.038-1.594 c-0.5-0.5-1.002-0.808-1.594-1.038c-0.572-0.222-1.227-0.375-2.185-0.418C14.751,3.01,14.444,3,12,3L12,3z M12,7.378 c-2.552,0-4.622,2.069-4.622,4.622S9.448,16.622,12,16.622s4.622-2.069,4.622-4.622S14.552,7.378,12,7.378z M12,15 c-1.657,0-3-1.343-3-3s1.343-3,3-3s3,1.343,3,3S13.657,15,12,15z M16.804,6.116c-0.596,0-1.08,0.484-1.08,1.08 s0.484,1.08,1.08,1.08c0.596,0,1.08-0.484,1.08-1.08S17.401,6.116,16.804,6.116z\"><\/path><\/svg><span class=\"wp-block-social-link-label screen-reader-text\">Instagram<\/span><\/a><\/li>\n\n<li class=\"wp-social-link wp-social-link-facebook  wp-block-social-link\"><a href=\"https:\/\/www.facebook.com\/PhobunStockholm\/\" class=\"wp-block-social-link-anchor\"><svg width=\"24\" height=\"24\" viewBox=\"0 0 24 24\" version=\"1.1\" xmlns=\"http:\/\/www.w3.org\/2000\/svg\" aria-hidden=\"true\" focusable=\"false\"><path d=\"M12 2C6.5 2 2 6.5 2 12c0 5 3.7 9.1 8.4 9.9v-7H7.9V12h2.5V9.8c0-2.5 1.5-3.9 3.8-3.9 1.1 0 2.2.2 2.2.2v2.5h-1.3c-1.2 0-1.6.8-1.6 1.6V12h2.8l-.4 2.9h-2.3v7C18.3 21.1 22 17 22 12c0-5.5-4.5-10-10-10z\"><\/path><\/svg><span class=\"wp-block-social-link-label screen-reader-text\">Facebook<\/span><\/a><\/li>\n\n<li class=\"wp-social-link wp-social-link-mail  wp-block-social-link\"><a href=\"mailto:&#105;&#110;f&#111;&#064;&#112;hob&#117;n&#046;&#115;e\" class=\"wp-block-social-link-anchor\"><svg width=\"24\" height=\"24\" viewBox=\"0 0 24 24\" version=\"1.1\" xmlns=\"http:\/\/www.w3.org\/2000\/svg\" aria-hidden=\"true\" focusable=\"false\"><path d=\"M19,5H5c-1.1,0-2,.9-2,2v10c0,1.1.9,2,2,2h14c1.1,0,2-.9,2-2V7c0-1.1-.9-2-2-2zm.5,12c0,.3-.2.5-.5.5H5c-.3,0-.5-.2-.5-.5V9.8l7.5,5.6,7.5-5.6V17zm0-9.1L12,13.6,4.5,7.9V7c0-.3.2-.5.5-.5h14c.3,0,.5.2.5.5v.9z\"><\/path><\/svg><span class=\"wp-block-social-link-label screen-reader-text\">Mail<\/span><\/a><\/li><\/ul>\n\n\n\n<p><\/p>\n","protected":false},"excerpt":{"rendered":"<p>Det \u00e4r bara att slinka in, vi har alltid n\u00e5gra bord som vi inte reservera, men om du vill vara p\u00e5 den s\u00e4kra sidan, boka g\u00e4rna ett bord via l\u00e4nken nedan.F\u00f6r st\u00f6rre s\u00e4llskap mejla oss f\u00f6r bordsbokning, eller skicka f\u00f6rfr\u00e5gan p\u00e5 Instagram \/ Facebook messenger. BOKA H\u00c4R &#8211; Make a reservation<\/p>\n","protected":false},"author":1,"featured_media":0,"parent":0,"menu_order":0,"comment_status":"closed","ping_status":"closed","template":"","meta":{"_monsterinsights_skip_tracking":false,"_monsterinsights_sitenote_active":false,"_monsterinsights_sitenote_note":"","_monsterinsights_sitenote_category":0,"footnotes":""},"class_list":["post-190","page","type-page","status-publish","hentry"],"yoast_head":"<!-- This site is optimized with the Yoast SEO plugin v23.9 - https:\/\/yoast.com\/wordpress\/plugins\/seo\/ -->\n<title>Boka Bord - VIETNAMESE TAPAS<\/title>\n<meta name=\"robots\" content=\"index, follow, max-snippet:-1, max-image-preview:large, max-video-preview:-1\" \/>\n<link rel=\"canonical\" href=\"https:\/\/vntapas.se\/?page_id=190\" \/>\n<meta property=\"og:locale\" content=\"sv_SE\" \/>\n<meta property=\"og:type\" content=\"article\" \/>\n<meta property=\"og:title\" content=\"Boka Bord - VIETNAMESE TAPAS\" \/>\n<meta property=\"og:description\" content=\"Det \u00e4r bara att slinka in, vi har alltid n\u00e5gra bord som vi inte reservera, men om du vill vara p\u00e5 den s\u00e4kra sidan, boka g\u00e4rna ett bord via l\u00e4nken nedan.F\u00f6r st\u00f6rre s\u00e4llskap mejla oss f\u00f6r bordsbokning, eller skicka f\u00f6rfr\u00e5gan p\u00e5 Instagram \/ Facebook messenger. BOKA H\u00c4R &#8211; Make a reservation\" \/>\n<meta property=\"og:url\" content=\"https:\/\/vntapas.se\/?page_id=190\" \/>\n<meta property=\"og:site_name\" content=\"VIETNAMESE TAPAS\" \/>\n<meta property=\"article:publisher\" content=\"https:\/\/www.facebook.com\/PhobunStockholm\/\" \/>\n<meta property=\"article:modified_time\" content=\"2025-11-12T07:55:30+00:00\" \/>\n<meta name=\"twitter:card\" content=\"summary_large_image\" \/>\n<meta name=\"twitter:label1\" content=\"Ber\u00e4knad l\u00e4stid\" \/>\n\t<meta name=\"twitter:data1\" content=\"1 minut\" \/>\n<script type=\"application\/ld+json\" class=\"yoast-schema-graph\">{\"@context\":\"https:\/\/schema.org\",\"@graph\":[{\"@type\":\"WebPage\",\"@id\":\"https:\/\/vntapas.se\/?page_id=190\",\"url\":\"https:\/\/vntapas.se\/?page_id=190\",\"name\":\"Boka Bord - VIETNAMESE TAPAS\",\"isPartOf\":{\"@id\":\"https:\/\/vntapas.se\/#website\"},\"datePublished\":\"2024-11-22T08:51:07+00:00\",\"dateModified\":\"2025-11-12T07:55:30+00:00\",\"breadcrumb\":{\"@id\":\"https:\/\/vntapas.se\/?page_id=190#breadcrumb\"},\"inLanguage\":\"sv-SE\",\"potentialAction\":[{\"@type\":\"ReadAction\",\"target\":[\"https:\/\/vntapas.se\/?page_id=190\"]}]},{\"@type\":\"BreadcrumbList\",\"@id\":\"https:\/\/vntapas.se\/?page_id=190#breadcrumb\",\"itemListElement\":[{\"@type\":\"ListItem\",\"position\":1,\"name\":\"Home\",\"item\":\"https:\/\/vntapas.se\/\"},{\"@type\":\"ListItem\",\"position\":2,\"name\":\"Boka Bord\"}]},{\"@type\":\"WebSite\",\"@id\":\"https:\/\/vntapas.se\/#website\",\"url\":\"https:\/\/vntapas.se\/\",\"name\":\"VIETNAMESE TAPAS\",\"description\":\"\u0102n Ch\u01a1i - D\u00f9 \u0111\u1eddi c\u00f3 dang d\u1edf, nh\u01b0ng ta v\u1eabn \u0103n ph\u1edf\",\"publisher\":{\"@id\":\"https:\/\/vntapas.se\/#organization\"},\"potentialAction\":[{\"@type\":\"SearchAction\",\"target\":{\"@type\":\"EntryPoint\",\"urlTemplate\":\"https:\/\/vntapas.se\/?s={search_term_string}\"},\"query-input\":{\"@type\":\"PropertyValueSpecification\",\"valueRequired\":true,\"valueName\":\"search_term_string\"}}],\"inLanguage\":\"sv-SE\"},{\"@type\":\"Organization\",\"@id\":\"https:\/\/vntapas.se\/#organization\",\"name\":\"VIETNAMESE TAPAS\",\"url\":\"https:\/\/vntapas.se\/\",\"logo\":{\"@type\":\"ImageObject\",\"inLanguage\":\"sv-SE\",\"@id\":\"https:\/\/vntapas.se\/#\/schema\/logo\/image\/\",\"url\":\"https:\/\/vntapas.se\/wp-content\/uploads\/2024\/11\/logo.png\",\"contentUrl\":\"https:\/\/vntapas.se\/wp-content\/uploads\/2024\/11\/logo.png\",\"width\":510,\"height\":510,\"caption\":\"VIETNAMESE TAPAS\"},\"image\":{\"@id\":\"https:\/\/vntapas.se\/#\/schema\/logo\/image\/\"},\"sameAs\":[\"https:\/\/www.facebook.com\/PhobunStockholm\/\",\"https:\/\/www.instagram.com\/phobun\/\"]}]}<\/script>\n<!-- \/ Yoast SEO plugin. -->","yoast_head_json":{"title":"Boka Bord - VIETNAMESE TAPAS","robots":{"index":"index","follow":"follow","max-snippet":"max-snippet:-1","max-image-preview":"max-image-preview:large","max-video-preview":"max-video-preview:-1"},"canonical":"https:\/\/vntapas.se\/?page_id=190","og_locale":"sv_SE","og_type":"article","og_title":"Boka Bord - VIETNAMESE TAPAS","og_description":"Det \u00e4r bara att slinka in, vi har alltid n\u00e5gra bord som vi inte reservera, men om du vill vara p\u00e5 den s\u00e4kra sidan, boka g\u00e4rna ett bord via l\u00e4nken nedan.F\u00f6r st\u00f6rre s\u00e4llskap mejla oss f\u00f6r bordsbokning, eller skicka f\u00f6rfr\u00e5gan p\u00e5 Instagram \/ Facebook messenger. BOKA H\u00c4R &#8211; Make a reservation","og_url":"https:\/\/vntapas.se\/?page_id=190","og_site_name":"VIETNAMESE TAPAS","article_publisher":"https:\/\/www.facebook.com\/PhobunStockholm\/","article_modified_time":"2025-11-12T07:55:30+00:00","twitter_card":"summary_large_image","twitter_misc":{"Ber\u00e4knad l\u00e4stid":"1 minut"},"schema":{"@context":"https:\/\/schema.org","@graph":[{"@type":"WebPage","@id":"https:\/\/vntapas.se\/?page_id=190","url":"https:\/\/vntapas.se\/?page_id=190","name":"Boka Bord - VIETNAMESE TAPAS","isPartOf":{"@id":"https:\/\/vntapas.se\/#website"},"datePublished":"2024-11-22T08:51:07+00:00","dateModified":"2025-11-12T07:55:30+00:00","breadcrumb":{"@id":"https:\/\/vntapas.se\/?page_id=190#breadcrumb"},"inLanguage":"sv-SE","potentialAction":[{"@type":"ReadAction","target":["https:\/\/vntapas.se\/?page_id=190"]}]},{"@type":"BreadcrumbList","@id":"https:\/\/vntapas.se\/?page_id=190#breadcrumb","itemListElement":[{"@type":"ListItem","position":1,"name":"Home","item":"https:\/\/vntapas.se\/"},{"@type":"ListItem","position":2,"name":"Boka Bord"}]},{"@type":"WebSite","@id":"https:\/\/vntapas.se\/#website","url":"https:\/\/vntapas.se\/","name":"VIETNAMESE TAPAS","description":"\u0102n Ch\u01a1i - D\u00f9 \u0111\u1eddi c\u00f3 dang d\u1edf, nh\u01b0ng ta v\u1eabn \u0103n ph\u1edf","publisher":{"@id":"https:\/\/vntapas.se\/#organization"},"potentialAction":[{"@type":"SearchAction","target":{"@type":"EntryPoint","urlTemplate":"https:\/\/vntapas.se\/?s={search_term_string}"},"query-input":{"@type":"PropertyValueSpecification","valueRequired":true,"valueName":"search_term_string"}}],"inLanguage":"sv-SE"},{"@type":"Organization","@id":"https:\/\/vntapas.se\/#organization","name":"VIETNAMESE TAPAS","url":"https:\/\/vntapas.se\/","logo":{"@type":"ImageObject","inLanguage":"sv-SE","@id":"https:\/\/vntapas.se\/#\/schema\/logo\/image\/","url":"https:\/\/vntapas.se\/wp-content\/uploads\/2024\/11\/logo.png","contentUrl":"https:\/\/vntapas.se\/wp-content\/uploads\/2024\/11\/logo.png","width":510,"height":510,"caption":"VIETNAMESE TAPAS"},"image":{"@id":"https:\/\/vntapas.se\/#\/schema\/logo\/image\/"},"sameAs":["https:\/\/www.facebook.com\/PhobunStockholm\/","https:\/\/www.instagram.com\/phobun\/"]}]}},"_links":{"self":[{"href":"https:\/\/vntapas.se\/index.php?rest_route=\/wp\/v2\/pages\/190","targetHints":{"allow":["GET"]}}],"collection":[{"href":"https:\/\/vntapas.se\/index.php?rest_route=\/wp\/v2\/pages"}],"about":[{"href":"https:\/\/vntapas.se\/index.php?rest_route=\/wp\/v2\/types\/page"}],"author":[{"embeddable":true,"href":"https:\/\/vntapas.se\/index.php?rest_route=\/wp\/v2\/users\/1"}],"replies":[{"embeddable":true,"href":"https:\/\/vntapas.se\/index.php?rest_route=%2Fwp%2Fv2%2Fcomments&post=190"}],"version-history":[{"count":5,"href":"https:\/\/vntapas.se\/index.php?rest_route=\/wp\/v2\/pages\/190\/revisions"}],"predecessor-version":[{"id":390,"href":"https:\/\/vntapas.se\/index.php?rest_route=\/wp\/v2\/pages\/190\/revisions\/390"}],"wp:attachment":[{"href":"https:\/\/vntapas.se\/index.php?rest_route=%2Fwp%2Fv2%2Fmedia&parent=190"}],"curies":[{"name":"wp","href":"https:\/\/api.w.org\/{rel}","templated":true}]}}